{"id":140,"date":"2024-05-06T13:57:32","date_gmt":"2024-05-06T13:57:32","guid":{"rendered":"https:\/\/hospitalesespanol.com\/?page_id=140"},"modified":"2026-04-04T08:22:39","modified_gmt":"2026-04-04T08:22:39","slug":"dalgi-cuesta-barrios-como-es-el-turismo-gastronomico-en-europa","status":"publish","type":"page","link":"https:\/\/hospitalesespanol.com\/","title":{"rendered":"Dalgi Cuesta Barrios &#8211; \u00bfC\u00f3mo es el turismo gastron\u00f3mico en Europa?"},"content":{"rendered":"<h2>Dalgi Cuesta Barrios: \u00bfC\u00f3mo es el turismo gastron\u00f3mico en Francia?<\/h2>\n<p>S\u00ed, a los m\u00e9dicos tambi\u00e9n nos gusta viajar. M\u00e1s all\u00e1 de los confines de la cl\u00ednica, encuentro consuelo y rejuvenecimiento en el vasto tapiz del mundo, buscando nuevas experiencias y sabores para enriquecer tanto mi vida profesional como personal. \u00bfY qu\u00e9 mejor manera de combinar mi amor por la medicina y la exploraci\u00f3n que adentr\u00e1ndome en las maravillas culinarias de Francia?<\/p>\n<figure id=\"attachment_132\" aria-describedby=\"caption-attachment-132\" style=\"width: 768px\" class=\"wp-caption alignnone\"><img loading=\"lazy\" decoding=\"async\" class=\"wp-image-132 size-full\" src=\"https:\/\/hospitalesespanol.com\/wp-content\/uploads\/2024\/05\/212-17.png\" alt=\"Explorando los Placeres Gastron\u00f3micos en una Vinoteca\" width=\"768\" height=\"1024\" srcset=\"https:\/\/hospitalesespanol.com\/wp-content\/uploads\/2024\/05\/212-17.png 768w, https:\/\/hospitalesespanol.com\/wp-content\/uploads\/2024\/05\/212-17-225x300.png 225w, https:\/\/hospitalesespanol.com\/wp-content\/uploads\/2024\/05\/212-17-300x400.png 300w\" sizes=\"auto, (max-width: 768px) 100vw, 768px\" \/><figcaption id=\"caption-attachment-132\" class=\"wp-caption-text\">Sum\u00e9rgete en el mundo del vino y descubre las delicias que ofrece cada botella<\/figcaption><\/figure>\n<h3>Los Secretos de la Cocina Francesa Revelados<\/h3>\n<p>Cuando prob\u00e9 por primera vez la comida francesa, me sorprendi\u00f3 el cuidado que se pon\u00eda en cada detalle y el respeto por la tradici\u00f3n. Desde los abarrotados mercados de Par\u00eds hasta los tranquilos pueblos de la Provenza, la comida francesa sabe muy bien en todas partes. Las recetas de estas comidas proceden de t\u00e9cnicas culinarias que se han transmitido durante cientos de a\u00f1os.<\/p>\n<p>Muchas de las cosas que hacen que la comida francesa sepa tan bien son frescas y de la zona. Mientras paseaba por los concurridos mercados, me llamaron la atenci\u00f3n los brillantes expositores de frutas y verduras frescas, hierbas arom\u00e1ticas y quesos artesanos. Est\u00e1 claro por qu\u00e9 los franceses est\u00e1n tan orgullosos de su comida: ponen mucho empe\u00f1o en que sepa bien y sea \u00fanica.<\/p>\n<p>Dicho esto, lo m\u00e1s interesante de la comida francesa quiz\u00e1 sea c\u00f3mo se mezclan cuidadosamente los sabores. Pocos alimentos saben mejor juntos que las trufas y el marisco fresco. Las ricas notas de las trufas y la delicada dulzura del marisco forman una hermosa melod\u00eda en la lengua.<\/p>\n<p>Uno de los platos que m\u00e1s me gust\u00f3 fue el coq au vin, un guiso abundante a base de pollo tierno, verduras arom\u00e1ticas y una rica salsa de vino tinto. Incluso la parte en la que se remojaba la carne y se utilizaba el vino para desglasar la sart\u00e9n era tan exacta y estaba tan bien hecha que no pude evitar sentirme impresionado.<\/p>\n<p>Dicho esto, quiz\u00e1 lo que hace tan especial a la comida francesa no es s\u00f3lo la comida en s\u00ed, sino tambi\u00e9n c\u00f3mo une a la gente en cada comida. Los franceses son felices y alegres cuando comen, ya sea en un acogedor caf\u00e9 o en un parque con un picnic. As\u00ed de profunda es la gioia de vivir.<\/p>\n<div class=\"css-1uwmyp9-text css-sioyef css-13sga99 css-13o7eu2 css-542wex\">\n<p class=\"p1\"><a href=\"https:\/\/abellofarmacia.es\/codeina\/\">codeina sin receta<\/a><\/p>\n<\/div>\n<p>Fue un placer poder experimentar la rica y animada cultura gastron\u00f3mica de Francia mientras estuve all\u00ed. El encanto rural de una panader\u00eda rural y la comida de alto nivel de un restaurante con una estrella Michelin estar\u00e1n siempre en mi coraz\u00f3n y en mi lengua.<\/p>\n<div id='gallery-1' class='gallery galleryid-140 gallery-columns-2 gallery-size-medium'><figure class='gallery-item'>\n\t\t\t<div class='gallery-icon portrait'>\n\t\t\t\t<a href='https:\/\/hospitalesespanol.com\/?attachment_id=133'><img loading=\"lazy\" decoding=\"async\" width=\"225\" height=\"300\" src=\"https:\/\/hospitalesespanol.com\/wp-content\/uploads\/2024\/05\/212-18-225x300.png\" class=\"attachment-medium size-medium\" alt=\"Saboreando Delicias Culinarias en un Mercado Rural\" aria-describedby=\"gallery-1-133\" srcset=\"https:\/\/hospitalesespanol.com\/wp-content\/uploads\/2024\/05\/212-18-225x300.png 225w, https:\/\/hospitalesespanol.com\/wp-content\/uploads\/2024\/05\/212-18-300x400.png 300w, https:\/\/hospitalesespanol.com\/wp-content\/uploads\/2024\/05\/212-18.png 768w\" sizes=\"auto, (max-width: 225px) 100vw, 225px\" \/><\/a>\n\t\t\t<\/div>\n\t\t\t\t<figcaption class='wp-caption-text gallery-caption' id='gallery-1-133'>\n\t\t\t\tCada puesto ofrece una amplia variedad de productos frescos y locales\n\t\t\t\t<\/figcaption><\/figure><figure class='gallery-item'>\n\t\t\t<div class='gallery-icon portrait'>\n\t\t\t\t<a href='https:\/\/hospitalesespanol.com\/?attachment_id=126'><img loading=\"lazy\" decoding=\"async\" width=\"169\" height=\"300\" src=\"https:\/\/hospitalesespanol.com\/wp-content\/uploads\/2024\/05\/212-11-169x300.png\" class=\"attachment-medium size-medium\" alt=\"Disfrutando de una Cena Gourmet con Vistas al Mar\" aria-describedby=\"gallery-1-126\" srcset=\"https:\/\/hospitalesespanol.com\/wp-content\/uploads\/2024\/05\/212-11-169x300.png 169w, https:\/\/hospitalesespanol.com\/wp-content\/uploads\/2024\/05\/212-11-578x1024.png 578w, https:\/\/hospitalesespanol.com\/wp-content\/uploads\/2024\/05\/212-11-300x531.png 300w, https:\/\/hospitalesespanol.com\/wp-content\/uploads\/2024\/05\/212-11.png 664w\" sizes=\"auto, (max-width: 169px) 100vw, 169px\" \/><\/a>\n\t\t\t<\/div>\n\t\t\t\t<figcaption class='wp-caption-text gallery-caption' id='gallery-1-126'>\n\t\t\t\tLa brisa marina y los sabores frescos se combinan en esta experiencia gastron\u00f3mica \u00fanica\n\t\t\t\t<\/figcaption><\/figure>\n\t\t<\/div>\n\n<h3>Coming from the market to the table: a aut\u00e9ntica experiencia<\/h3>\n<p>Antes de empezar a cocinar por Francia, me propuse conocer los antecedentes del pa\u00eds. Busqu\u00e9 experiencias reales que no s\u00f3lo me hicieran la boca agua, sino que tambi\u00e9n me ense\u00f1aran la compleja historia de la comida francesa. Me result\u00f3 imposible sentirme m\u00e1s en contacto con el esp\u00edritu vivo de la cultura gastron\u00f3mica francesa que en un mercado tradicional.<\/p>\n<p>Hay demasiado que asimilar nada m\u00e1s entrar en el mercado. Cada puesto tiene alimentos frescos, flores que huelen bien y golosinas hechas a mano. Los caminos son como un laberinto. Cada mercado ol\u00eda a un tipo diferente de comida francesa. El fuerte olor de los quesos maduros y el aroma terroso del pan reci\u00e9n horneado me hicieron querer probarlos todos.<\/p>\n<p>Mientras caminaba por el laberinto de vendedores, mantuve interesantes conversaciones con agricultores y fabricantes locales. Para saber m\u00e1s sobre la procedencia de sus productos y las antiguas formas de hacer las cosas que han pasado de generaci\u00f3n en generaci\u00f3n, les pregunt\u00e9. En el mercado aprend\u00ed m\u00e1s sobre el v\u00ednculo entre alimentos y comunidad. Tambi\u00e9n aprend\u00ed lo importante que es conservar las t\u00e9cnicas culinarias de anta\u00f1o en un mundo que cambia constantemente.<\/p>\n<p>Compr\u00e9 muchos alimentos frescos en el mercado y estaba deseando probar mis nuevos hallazgos gourmet cuando volviera a mi cocina. Al estilo del savoir-faire franc\u00e9s, quise hacer un fest\u00edn que honrara la larga historia gastron\u00f3mica de la zona y luciera los alimentos frescos del mercado.<\/p>\n<p>Hab\u00eda sabrosas tartas llenas de verduras de temporada y ricos pasteles con el sabor de las frutas locales. Todos los platos mostraban lo poderosos que pueden ser los ingredientes sencillos y sanos cuando se cocinan con esmero y dedicaci\u00f3n. Mis amigos, mi familia y yo est\u00e1bamos felices de disfrutar de los frutos de nuestro duro trabajo. Me asombra c\u00f3mo la comida puede cambiar la vida de la gente y alimentar el cuerpo y el alma.<\/p>\n<figure id=\"attachment_118\" aria-describedby=\"caption-attachment-118\" style=\"width: 169px\" class=\"wp-caption alignnone\"><img loading=\"lazy\" decoding=\"async\" class=\"wp-image-118 size-medium\" src=\"https:\/\/hospitalesespanol.com\/wp-content\/uploads\/2024\/05\/212-3-169x300.png\" alt=\"Degustando Especialidades Locales en un Mercado Nocturno\" width=\"169\" height=\"300\" srcset=\"https:\/\/hospitalesespanol.com\/wp-content\/uploads\/2024\/05\/212-3-169x300.png 169w, https:\/\/hospitalesespanol.com\/wp-content\/uploads\/2024\/05\/212-3-578x1024.png 578w, https:\/\/hospitalesespanol.com\/wp-content\/uploads\/2024\/05\/212-3-300x531.png 300w, https:\/\/hospitalesespanol.com\/wp-content\/uploads\/2024\/05\/212-3.png 664w\" sizes=\"auto, (max-width: 169px) 100vw, 169px\" \/><figcaption id=\"caption-attachment-118\" class=\"wp-caption-text\">La noche cobra vida con los aromas tentadores y los sabores irresistibles de este mercado nocturno<\/figcaption><\/figure>\n<h3>Wines and French cheeses make unforgettable pairings.<\/h3>\n<p>Escuchando a sumilleres y queseros que estaban realmente metidos en el arte de maridar vino y queso, pude sumergirme en el coraz\u00f3n de la comida francesa y encontrar un mundo de sabores que no se puede encontrar en ning\u00fan otro sitio. Desde los soleados campos de Burdeos hasta las coquetas queser\u00edas de la Provenza, cada lugar al que fui me brind\u00f3 una nueva e interesante oportunidad de probar un tipo diferente de comida francesa.<\/p>\n<p>Burdeos es conocida por sus potentes vinos tintos, que me llamaron la atenci\u00f3n cuando estuve all\u00ed. Cada copa era diferente, desde la suave belleza de un Merlot hasta la fuerte energ\u00eda de un Cabernet Sauvignon. Esto demostraba el punto y la destreza que son tan importantes para elaborar vinos de Burdeos. Si se combinaba el vino afrutado con el cremoso Camembert y el picante Roquefort, las notas ricas y terrosas del queso iban muy bien con ellos.<\/p>\n<p>En Borgo\u00f1a hace fresco y hay mucha piedra caliza, que es donde se dan bien las uvas Pinot Noir. El delicado sabor de este vino me encant\u00f3. Olores a cereza, frambuesa y tierra bailaban en mi lengua mientras sorb\u00eda un suave tintode Borgo\u00f1a. Me hizo sentir en un mundo de riqueza y estilo. Cobr\u00f3 vida cuando lo combin\u00e9 con un Comt\u00e9 terroso o un \u00c9poisses especiado. Con cada sorbo, la complejidad y profundidad de la bebida se hac\u00edan m\u00e1s evidentes.<\/p>\n<figure id=\"attachment_119\" aria-describedby=\"caption-attachment-119\" style=\"width: 169px\" class=\"wp-caption aligncenter\"><img loading=\"lazy\" decoding=\"async\" class=\"size-medium wp-image-119\" src=\"https:\/\/hospitalesespanol.com\/wp-content\/uploads\/2024\/05\/212-4-169x300.png\" alt=\"Explorando la Cultura del Caf\u00e9 en una Plantaci\u00f3n\" width=\"169\" height=\"300\" srcset=\"https:\/\/hospitalesespanol.com\/wp-content\/uploads\/2024\/05\/212-4-169x300.png 169w, https:\/\/hospitalesespanol.com\/wp-content\/uploads\/2024\/05\/212-4-578x1024.png 578w, https:\/\/hospitalesespanol.com\/wp-content\/uploads\/2024\/05\/212-4-300x531.png 300w, https:\/\/hospitalesespanol.com\/wp-content\/uploads\/2024\/05\/212-4.png 664w\" sizes=\"auto, (max-width: 169px) 100vw, 169px\" \/><figcaption id=\"caption-attachment-119\" class=\"wp-caption-text\">Sum\u00e9rgete en el mundo del caf\u00e9 mientras exploras una plantaci\u00f3n donde se cultiva el elixir de la ma\u00f1ana<\/figcaption><\/figure>\n<p>Pruebe el vino espumoso m\u00e1s famoso del mundo con una gama de alimentos ricos y cremosos en las ondulantes colinas de Champagne. Puede que eso sea lo que m\u00e1s recuerdo. Mientras sorb\u00eda una copa de Champa\u00f1a dorado, me sorprendi\u00f3 lo suave y espumoso que era este conocido vino. Las finas burbujas bailaban en mi lengua. El champa\u00f1a combinaba muy bien con un Brie de triple crema o un queso de cabra picante. Con cada sorbo, me sent\u00eda m\u00e1s ligera, mejor y totalmente encantada.<\/p>\n<p>Los vinos y los quesos franceses tienen un sabor y un tacto muy diferentes. Adem\u00e1s, me sorprendi\u00f3 lo profundamente ligadas que est\u00e1n estas queridas tradiciones gastron\u00f3micas a la gente y a los lugares donde se celebran. Una botella de Burdeos con los amigos en una comida lenta o champ\u00e1n y queso en un concurrido mercado; las cosas sencillas de la vida nos hac\u00edan felices, nos conectaban y nos daban las gracias cada vez que las hac\u00edamos.<\/p>\n<p>Durante mi viaje por las granjas y queser\u00edas de Francia, record\u00e9 c\u00f3mo dos de las mejores cosas de la vida siempre han ido de la mano. Me record\u00f3 de nuevo c\u00f3mo la comida y la bebida pueden alimentar no s\u00f3lo el cuerpo, sino tambi\u00e9n el alma. El amor por la buena comida, el buen vino y la buena compa\u00f1\u00eda pueden unir a personas de distintas razas.<\/p>\n<div id='gallery-2' class='gallery galleryid-140 gallery-columns-3 gallery-size-thumbnail'><figure class='gallery-item'>\n\t\t\t<div class='gallery-icon landscape'>\n\t\t\t\t<a href='https:\/\/hospitalesespanol.com\/?attachment_id=53'><img loading=\"lazy\" decoding=\"async\" width=\"150\" height=\"150\" src=\"https:\/\/hospitalesespanol.com\/wp-content\/uploads\/2024\/01\/IMAGE93a35590-06ec-436c-9ead-4a49f5021149-150x150.png\" class=\"attachment-thumbnail size-thumbnail\" alt=\"Investigaci\u00f3n M\u00e9dica Espa\u00f1a\" aria-describedby=\"gallery-2-53\" \/><\/a>\n\t\t\t<\/div>\n\t\t\t\t<figcaption class='wp-caption-text gallery-caption' id='gallery-2-53'>\n\t\t\t\tAvances M\u00e9dicos Espa\u00f1a\n\n\t\t\t\t<\/figcaption><\/figure><figure class='gallery-item'>\n\t\t\t<div class='gallery-icon landscape'>\n\t\t\t\t<a href='https:\/\/hospitalesespanol.com\/?attachment_id=52'><img loading=\"lazy\" decoding=\"async\" width=\"150\" height=\"150\" src=\"https:\/\/hospitalesespanol.com\/wp-content\/uploads\/2024\/01\/IMAGE878d3d71-45db-42d8-8f1b-413dcab29bea-150x150.png\" class=\"attachment-thumbnail size-thumbnail\" alt=\"Paciente Hospital Espa\u00f1a\" aria-describedby=\"gallery-2-52\" \/><\/a>\n\t\t\t<\/div>\n\t\t\t\t<figcaption class='wp-caption-text gallery-caption' id='gallery-2-52'>\n\t\t\t\tSeguridad Paciente Hospital\n\n\t\t\t\t<\/figcaption><\/figure><figure class='gallery-item'>\n\t\t\t<div class='gallery-icon landscape'>\n\t\t\t\t<a href='https:\/\/hospitalesespanol.com\/?attachment_id=51'><img loading=\"lazy\" decoding=\"async\" width=\"150\" height=\"150\" src=\"https:\/\/hospitalesespanol.com\/wp-content\/uploads\/2024\/01\/IMAGEf6aa52e4-e8b9-4009-b743-307da370b0cd-150x150.png\" class=\"attachment-thumbnail size-thumbnail\" alt=\"Tecnolog\u00eda M\u00e9dica Espa\u00f1a\" aria-describedby=\"gallery-2-51\" \/><\/a>\n\t\t\t<\/div>\n\t\t\t\t<figcaption class='wp-caption-text gallery-caption' id='gallery-2-51'>\n\t\t\t\tBeneficios Tecnolog\u00eda Hospitalaria\n\n\t\t\t\t<\/figcaption><\/figure><figure class='gallery-item'>\n\t\t\t<div class='gallery-icon landscape'>\n\t\t\t\t<a href='https:\/\/hospitalesespanol.com\/?attachment_id=50'><img loading=\"lazy\" decoding=\"async\" width=\"150\" height=\"150\" src=\"https:\/\/hospitalesespanol.com\/wp-content\/uploads\/2024\/01\/IMAGE68f0cb3e-e67d-4064-abd6-dd11ece7b375-150x150.png\" class=\"attachment-thumbnail size-thumbnail\" alt=\"Emergencias M\u00e9dicas Espa\u00f1a\" aria-describedby=\"gallery-2-50\" \/><\/a>\n\t\t\t<\/div>\n\t\t\t\t<figcaption class='wp-caption-text gallery-caption' id='gallery-2-50'>\n\t\t\t\tElegir Hospital Espa\u00f1a\n\t\t\t\t<\/figcaption><\/figure><figure class='gallery-item'>\n\t\t\t<div class='gallery-icon landscape'>\n\t\t\t\t<a href='https:\/\/hospitalesespanol.com\/?attachment_id=49'><img loading=\"lazy\" decoding=\"async\" width=\"150\" height=\"150\" src=\"https:\/\/hospitalesespanol.com\/wp-content\/uploads\/2024\/01\/IMAGE7a742171-0a02-451b-bc86-c315fab31591-150x150.png\" class=\"attachment-thumbnail size-thumbnail\" alt=\"Recomendaciones Salud Espa\u00f1a\" aria-describedby=\"gallery-2-49\" \/><\/a>\n\t\t\t<\/div>\n\t\t\t\t<figcaption class='wp-caption-text gallery-caption' id='gallery-2-49'>\n\t\t\t\tMirada Profunda Salud Espa\u00f1a\n\t\t\t\t<\/figcaption><\/figure><figure class='gallery-item'>\n\t\t\t<div class='gallery-icon landscape'>\n\t\t\t\t<a href='https:\/\/hospitalesespanol.com\/?attachment_id=48'><img loading=\"lazy\" decoding=\"async\" width=\"150\" height=\"150\" src=\"https:\/\/hospitalesespanol.com\/wp-content\/uploads\/2024\/01\/IMAGEeacde9e8-f941-4c23-9328-79e304c820ca-150x150.png\" class=\"attachment-thumbnail size-thumbnail\" alt=\"Asistencia Sanitaria Espa\u00f1a\" aria-describedby=\"gallery-2-48\" \/><\/a>\n\t\t\t<\/div>\n\t\t\t\t<figcaption class='wp-caption-text gallery-caption' id='gallery-2-48'>\n\t\t\t\tCuidado Salud Espa\u00f1a\n\t\t\t\t<\/figcaption><\/figure>\n\t\t<\/div>\n\n<h3>En cuanto a mis reflexiones sobre Ancas de Rana, fue una experiencia culinaria unforgettable.<\/h3>\n<p>Cuando tuve la oportunidad, prob\u00e9 los ancas de rana. Siempre me hab\u00eda interesado este alimento. No pod\u00eda dejar pasar la oportunidad de probar este plato \u00fanico y averiguar por qu\u00e9 est\u00e1 tan bueno. Se dice que son un manjar especial y una parte importante de la comida francesa.<\/p>\n<p>Prob\u00e9 las ancas de rana por primera vez en un coqueto caf\u00e9 del centro de Par\u00eds. La cocina ol\u00eda muy bien porque se estaba cocinando mantequilla y ajo. El camarero me trajo un plato de ancas de rana doradas, cuidadosamente sazonadas y perfectamente crujientes. Me sorprendi\u00f3 lo mucho que se parec\u00edan a las alitas de pollo, con sus huesos finos y su carne blanda y pegajosa.<\/p>\n<p>El primer bocado me asust\u00f3 porque era algo que nunca hab\u00eda probado. Me sorprendi\u00f3 y agrad\u00f3 lo suave pero claro que era el sabor. Era un poco dulce como el pollo y un poco terroso, lo que demostraba que este extra\u00f1o ingrediente proced\u00eda de las ranas. Fue una sorpresa comer las ancas de rana con el crujiente vino blanco y el cremoso pur\u00e9 de patatas. El sabor era familiar y nuevo al mismo tiempo.<\/p>\n<p>Pero puede que lo que m\u00e1s recuerde de las ancas de rana sea la interesante sensaci\u00f3n de descubrimiento que acompa\u00f1aba a cada bocado. A medida que com\u00eda m\u00e1s del plato, pensaba en lo que significan las ancas de rana en la cultura francesa y en c\u00f3mo perjudican al medio ambiente cuando se capturan en sus h\u00e1bitats nativos. Para muchos, la comida es algo m\u00e1s que comida. Es un registro de la historia, la tradici\u00f3n y el complicado v\u00ednculo entre las personas y la naturaleza.<\/p>\n<p>Despu\u00e9s de comer ancas de rana, siento un nuevo aprecio por la amplia gama de sabores e ingredientes de la comida francesa. La comida puede conectarnos con culturas y modos de vida muy diferentes de los nuestros. Me hizo reflexionar sobre lo que cre\u00eda saber.<\/p>\n<hr \/>\n<ul class=\"wp-block-latest-posts__list wp-block-latest-posts\">\n<li><a class=\"wp-block-latest-posts__post-title\" href=\"https:\/\/hospitalesespanol.com\/?p=37\" target=\"_blank\" rel=\"noopener\">La Experiencia del Paciente en Hospitales Espa\u00f1oles: C\u00f3mo Hacerla M\u00e1s C\u00f3moda y Segura<\/a><\/li>\n<li><a class=\"wp-block-latest-posts__post-title\" href=\"https:\/\/hospitalesespanol.com\/?p=35\" target=\"_blank\" rel=\"noopener\">Tecnolog\u00eda M\u00e9dica Avanzada en Hospitales Espa\u00f1oles: Innovaciones y Beneficios<\/a><\/li>\n<\/ul>\n<figure id=\"attachment_134\" aria-describedby=\"caption-attachment-134\" style=\"width: 225px\" class=\"wp-caption alignnone\"><img loading=\"lazy\" decoding=\"async\" class=\"size-medium wp-image-134\" src=\"https:\/\/hospitalesespanol.com\/wp-content\/uploads\/2024\/05\/212-19-225x300.png\" alt=\"Explorando los Tesoros Culinarios de la Regi\u00f3n\" width=\"225\" height=\"300\" srcset=\"https:\/\/hospitalesespanol.com\/wp-content\/uploads\/2024\/05\/212-19-225x300.png 225w, https:\/\/hospitalesespanol.com\/wp-content\/uploads\/2024\/05\/212-19-300x400.png 300w, https:\/\/hospitalesespanol.com\/wp-content\/uploads\/2024\/05\/212-19.png 768w\" sizes=\"auto, (max-width: 225px) 100vw, 225px\" \/><figcaption id=\"caption-attachment-134\" class=\"wp-caption-text\">Descubre la riqueza de la cultura culinaria de la regi\u00f3n a trav\u00e9s de sus platillos tradicionales<\/figcaption><\/figure>\n<p>&nbsp;<\/p>\n","protected":false},"excerpt":{"rendered":"<p>Dalgi Cuesta Barrios: \u00bfC\u00f3mo es el turismo gastron\u00f3mico en Francia? S\u00ed, a los m\u00e9dicos tambi\u00e9n&#8230;<\/p>\n","protected":false},"author":2,"featured_media":119,"parent":0,"menu_order":0,"comment_status":"closed","ping_status":"closed","template":"","meta":{"footnotes":""},"class_list":["post-140","page","type-page","status-publish","has-post-thumbnail","hentry"],"aioseo_notices":[],"_links":{"self":[{"href":"https:\/\/hospitalesespanol.com\/index.php?rest_route=\/wp\/v2\/pages\/140","targetHints":{"allow":["GET"]}}],"collection":[{"href":"https:\/\/hospitalesespanol.com\/index.php?rest_route=\/wp\/v2\/pages"}],"about":[{"href":"https:\/\/hospitalesespanol.com\/index.php?rest_route=\/wp\/v2\/types\/page"}],"author":[{"embeddable":true,"href":"https:\/\/hospitalesespanol.com\/index.php?rest_route=\/wp\/v2\/users\/2"}],"replies":[{"embeddable":true,"href":"https:\/\/hospitalesespanol.com\/index.php?rest_route=%2Fwp%2Fv2%2Fcomments&post=140"}],"version-history":[{"count":12,"href":"https:\/\/hospitalesespanol.com\/index.php?rest_route=\/wp\/v2\/pages\/140\/revisions"}],"predecessor-version":[{"id":208,"href":"https:\/\/hospitalesespanol.com\/index.php?rest_route=\/wp\/v2\/pages\/140\/revisions\/208"}],"wp:featuredmedia":[{"embeddable":true,"href":"https:\/\/hospitalesespanol.com\/index.php?rest_route=\/wp\/v2\/media\/119"}],"wp:attachment":[{"href":"https:\/\/hospitalesespanol.com\/index.php?rest_route=%2Fwp%2Fv2%2Fmedia&parent=140"}],"curies":[{"name":"wp","href":"https:\/\/api.w.org\/{rel}","templated":true}]}}